 + 11 + 4 = 0. Let y(i) = -8*i**2 - i**3 - 3*i - i**2 + 1 + 10*i**2 + 7*i. What is the remainder when y(-2) is divided by p?
2
Suppose -18 = -3*l + 9. Suppose 2*t = t + l. What is the remainder when 60 is divided by t?
6
Let g(l) = l**3 - l**2 + l + 82. Suppose c + 2*p + 38 = 5*c, -3 = -4*c - 5*p. Let y = c - -14. Calculate the remainder when g(0) is divided by y.
19
Suppose -39*l = -44*l. Suppose -4*g + l = -92. Calculate the remainder when g is divided by 6.
5
Suppose 0 = -u + w - 58, -u - 50 = -5*w. Let p be (18/15)/((-18)/u). What is the remainder when 16 is divided by (-4)/p + 5 + 2?
4
What is the remainder when ((-8)/(-4) + -1)/(2/38) is divided by 7?
5
Suppose v - 5*v = -12, 3*h = 2*v + 45. What is the remainder when (319 - 265) + 1 + -6*1 is divided by h?
15
Calculate the remainder when 915 is divided by -1 - -15 - (-77 - -74).
14
Let m = 469 - 442. Calculate the remainder when m is divided by 25.
2
Let j(b) = b**3 + 9*b**2 + 7*b + 17. Calculate the remainder when j(-8) is divided by 15.
10
Suppose -5*k - 2*a = -30, 6 = -2*k + 5*a - 11. Suppose -2*j = -4, k*z - 3*j - 7 - 7 = 0. What is the remainder when 6 is divided by z?
1
Let r(j) = -j**2 - 7*j + 5. Let l be (-2 - 0)/(4/14). Let i be r(l). Suppose 6*c - 13 = i*c. What is the remainder when 49 is divided by c?
10
Let o = 70 + -61. What is the remainder when o is divided by 3?
0
Let r be ((-84)/15)/(6/(-75)). Suppose -x + 25 = -4*j + j, -2*x - 4*j + r = 0. Let b = 11 + -3. Calculate the remainder when x is divided by b.
7
Let o = 18 + -32. Let d = -665 + 369. What is the remainder when d/o - (-2)/(-14) is divided by 11?
10
Let r(z) = z**3 - z**2 - 6*z - 5. Let c be r(-2). What is the remainder when 1628/10 - 1/c is divided by 33?
31
Let y(h) = -h**2 + 5*h + 3. Let g(n) = n**2 - 7*n + 3. Let r be g(6). Let x be y(r). Let j = 42 + x. What is the remainder when 40 is divided by j?
19
Suppose 6*z + 1526 = 13*z. Calculate the remainder when z is divided by 11.
9
Let v(y) = 3*y + y + y**2 - 5*y + 0*y. Let p be v(3). Calculate the remainder when 9 is divided by 28/p - (-2)/6.
4
Let h(q) = q**2 - q - 3. What is the remainder when h(5) is divided by 9?
8
Let r(u) be the first derivative of 2*u**2 - u + 19. Calculate the remainder when 15 is divided by r(2).
1
What is the remainder when 50 is divided by (13 + (-426)/18)*3/(-1)?
18
Let u = 361 + -198. Let x = -188 - -108. Let d = u + x. What is the remainder when d is divided by 28?
27
Let a(c) = -4*c + 3*c - c**2 + 8 - 4. Let d be a(4). Let n = 29 + d. Calculate the remainder when 25 is divided by n.
12
Let p be 1 - ((-8)/4 - 23). Let v = p - 13. Calculate the remainder when 51 is divided by v.
12
Let s = 335 - 306. Calculate the remainder when 230 is divided by s.
27
Suppose 4*g - 683 = -3*q, -q + g + 119 = -97. Calculate the remainder when q is divided by 25.
21
Suppose 3*d = -0*d + k + 14, -d + 18 = 3*k. Let h = d + 6. Calculate the remainder when 1 - (-4*(-3)/4 - 35) is divided by h.
9
Suppose -3*j - 4*w = 63, -23 = -j + 2*j + 2*w. Let l = -3 - j. What is the remainder when 25 is divided by l?
11
Let m(r) = 2 + r - 4 + 1 + r**2. Let u be m(2). Suppose 2*i = -u*c + 53, -4*i + 49 = -3*c - 18. What is the remainder when 35 is divided by i?
16
Suppose -2*m - 4*d + 26 = 0, -11 = 2*m + m - 4*d. Calculate the remainder when 10 is divided by m.
1
Suppose 73*u = 71*u - 3*h - 11, 5*u + 4*h = -10. Calculate the remainder when 33 is divided by u.
1
Let y = -19 - -20. Let k be 0 - 0*y/3. Suppose -4*l + 20 + 64 = k. What is the remainder when l is divided by 11?
10
Suppose -1932 = -20*a - a. Calculate the remainder when 201 is divided by a.
17
Let h(b) = 17*b**2 + 8*b - 29. Calculate the remainder when h(3) is divided by 18.
4
Suppose -46 = -2*p - 2. Suppose 2*o + p = -5*s, -8*o - 90 = -3*o - 5*s. What is the remainder when o/32 + 62/4 is divided by 4?
3
Let z(h) = -7*h**2 - 33*h - 6. What is the remainder when z(-3) is divided by 18?
12
Let f be (-11 - -1)*(-12)/10. Suppose 3*w = 9*w - f. What is the remainder when 49 is divided by (w/(-3))/((-14)/357)?
15
Let w(t) = -3*t + 166. What is the remainder when 33 is divided by w(54)?
1
Let u = 368 + -358. Calculate the remainder when 82 is divided by u.
2
Suppose 5*p - 2*k = -5*k - 75, p = 4*k + 8. Let d = p - -22. What is the remainder when 35*(-8)/(-20) - -4 - -1 is divided by d?
9
Suppose -q = -84 - 59. What is the remainder when q is divided by 57?
29
Suppose -w - 4*m + 3 = 0, 0*w - 2*w - 5*m = -18. What is the remainder when (-218)/(-12)*4 - (-4)/12 is divided by w?
16
Suppose -12 = 3*x - 3, 3*g - 3 = -x. Let u = 23 - 13. Suppose 0 = 5*n + u, 0 = r + g*n + 2*n - 22. Calculate the remainder when 59 is divided by r.
29
Suppose 2*y + 4*r - 158 = 0, 4*y - r - 132 = 229. What is the remainder when 186 is divided by y?
8
Let d = 21 + -11. Let b = 1467 - 1440. What is the remainder when b is divided by d?
7
Calculate the remainder when (0 - 545)*((-192)/(-80))/(-6) is divided by 44.
42
Suppose -6*s + 30 = -4*s. Calculate the remainder when 1/(-2)*(-124 - 0) is divided by (48/s)/((-3)/(-15)).
14
Let d = -281 + 124. Let k = d - -226. Calculate the remainder when k is divided by 24.
21
Let m(h) = 2*h**3 + 9*h**2 - 3*h - 8. Let q(l) = l**3 + 8*l**2 - 3*l - 7. Let t(a) = -2*m(a) + 3*q(a). Calculate the remainder when 8 is divided by t(5).
3
Suppose 27*p - 32*p = -170. What is the remainder when 65 is divided by p?
31
Suppose 16 + 36 = 2*p. Let c(a) = -a**3 + 12*a - 2. What is the remainder when p is divided by c(-4)?
12
Let x = 10 + -8. Suppose -3*y + 4*a = -2*y + 11, -a + 14 = x*y. Let m = 21 + -18. What is the remainder when y is divided by m?
2
Let d = -41 - 44. Calculate the remainder when -2*(0 + d/2) is divided by 22.
19
Let k be 3 - (3 - 4 - 3). Let g(y) = 9*y - 1. What is the remainder when g(k) is divided by 33?
29
Let x = 25 + -22. Suppose -2*f - x*b = -3*f + 7, 3*b = -3*f + 33. Let i = 32 - f. Calculate the remainder when 86 is divided by i.
20
Let w = 142 + -120. Suppose -w*z + 165 = -11*z. What is the remainder when 53 is divided by z?
8
Suppose -2*p = -3 - 33. Suppose 4*f + 27 = t, 2*t - f = -5*f + p. What is the remainder when 57 is divided by t?
12
Let k(x) = 2*x + 18. Calculate the remainder when 85 is divided by k(-5).
5
Let l be 4 + 0*1/(-2). Suppose -51 = -l*x - 0*x - 5*m, -5*m - 30 = -5*x. Calculate the remainder when 15 is divided by x.
6
Let r(d) = 5*d**2 + 57*d - 1. Calculate the remainder when r(-14) is divided by 46.
43
Let b = 361 - 520. Let i = b - -227. What is the remainder when (-8)/i - (-990)/34 is divided by 8?
5
Let p = 801 - 634. What is the remainder when p is divided by 86/5*(-15)/(-6)?
38
Suppose 180 = 7*f - 2*f. Let g = f + -26. Calculate the remainder when (360/50)/(4/g) is divided by 3.
0
Let p = 168 - 266. Let f be 101/(-7) + 56/p. What is the remainder when (35/f)/((-1)/9) is divided by 11?
10
Suppose -11*d - 1555 = -3*y - 13*d, -3*d - 12 = 0. What is the remainder when y is divided by 21?
17
Suppose z - 60*t + 64*t = 103, -4*z - 5*t + 401 = 0. What is the remainder when z is divided by 10?
9
Let v(i) = -2*i**2 - 4*i + 10. Suppose -4*a - 2*h + 268 = 0, 4*h = a - 34 - 42. What is the remainder when a is divided by v(0)?
8
Let d(j) = j**2 - 12*j. Let v be d(12). Let c = v + 17. What is the remainder when 31 is divided by c?
14
Suppose -37*i + 3*v + 2 = -38*i, -i - v + 6 = 0. Calculate the remainder when 647 is divided by i.
7
Let t be (2/(1 - -1))/((-6)/(-474)). Let y = 113 - t. What is the remainder when y is divided by 12?
10
Let i be 0/(2 + -3 + 2). Let o(h) = h**2 + 6*h + 42. Let a(v) = -v**2 - 9*v - 3. What is the remainder when o(i) is divided by a(-6)?
12
Suppose 4*w + 5*k + 74 = 0, -3*w + k - 30 = -w. Suppose -5*m + 76 = 4*o, 0 = -0*o + 3*o - m - 57. Let s = o + w. What is the remainder when 10 is divided by s?
1
Let a(v) = -v**3 - v + 3. Let d be a(0). Suppose -4*z + 434 = d*z. What is the remainder when z is divided by 17?
11
Let z(j) = -j + 10. Suppose 0 = -2*w - 0*i + 3*i - 3, -3*i - 3 = -4*w. Calculate the remainder when 57/w*(-6)/(-6) is divided by z(0).
9
Suppose 3*b + 255 = 2*x + 3*x, 0 = -4*x + b + 211. Calculate the remainder when 88 is divided by x.
34
Suppose -9 = -17*n + 14*n. Suppose -4*k = -m - 84, 7*k - n*k - 84 = -4*m. What is the remainder when